82?
2, 3, 7, 11
What are the prime factors of 16123?
23, 701
What are the prime factors of 777?
3, 7, 37
List the prime factors of 19657.
11, 1787
List the prime factors of 77.
7, 11
What are the prime factors of 37274?
2, 18637
What are the prime factors of 12600?
2, 3, 5, 7
What are the prime factors of 817?
19, 43
What are the prime factors of 6140?
2, 5, 307
List the prime factors of 536.
2, 67
What are the prime factors of 59002?
2, 29501
List the prime factors of 70584.
2, 3, 17, 173
What are the prime factors of 9159?
3, 43, 71
List the prime factors of 42270.
2, 3, 5, 1409
What are the prime factors of 2594?
2, 1297
What are the prime factors of 4242?
2, 3, 7, 101
What are the prime factors of 1185?
3, 5, 79
What are the prime factors of 145?
5, 29
List the prime factors of 6509.
23, 283
What are the prime factors of 2238?
2, 3, 373
What are the prime factors of 1309?
7, 11, 17
List the prime factors of 6682.
2, 13, 257
What are the prime factors of 7084?
2, 7, 11, 23
List the prime factors of 854.
2, 7, 61
List the prime factors of 3232.
2, 101
What are the prime factors of 44255?
5, 53, 167
List the prime factors of 62493.
3, 37, 563
List the prime factors of 1230.
2, 3, 5, 41
List the prime factors of 1259.
1259
What are the prime factors of 1145?
5, 229
List the prime factors of 1552.
2, 97
What are the prime factors of 1461?
3, 487
What are the prime factors of 15718?
2, 29, 271
What are the prime factors of 7423?
13, 571
What are the prime factors of 61688?
2, 11, 701
List the prime factors of 10788.
2, 3, 29, 31
What are the prime factors of 15174?
2, 3, 281
What are the prime factors of 50335?
5, 10067
What are the prime factors of 3021?
3, 19, 53
What are the prime factors of 2330?
2, 5, 233
List the prime factors of 2926.
2, 7, 11, 19
What are the prime factors of 3608?
2, 11, 41
List the prime factors of 7569.
3, 29
What are the prime factors of 2857?
2857
What are the prime factors of 21663?
3, 29, 83
List the prime factors of 1495.
5, 13, 23
What are the prime factors of 22794?
2, 3, 29, 131
What are the prime factors of 1033?
1033
What are the prime factors of 271?
271
What are the prime factors of 29182?
2, 14591
What are the prime factors of 10894?
2, 13, 419
What are the prime factors of 83718?
2, 3, 4651
What are the prime factors of 181?
181
List the prime factors of 1196.
2, 13, 23
List the prime factors of 1023.
3, 11, 31
List the prime factors of 883.
883
What are the prime factors of 646?
2, 17, 19
List the prime factors of 2250.
2, 3, 5
What are the prime factors of 771?
3, 257
List the prime factors of 3398.
2, 1699
What are the prime factors of 260?
2, 5, 13
What are the prime factors of 1193?
1193
What are the prime factors of 2010?
2, 3, 5, 67
What are the prime factors of 10945?
5, 11, 199
List the prime factors of 53211.
3, 17737
List the prime factors of 859.
859
List the prime factors of 15426.
2, 3, 857
List the prime factors of 1774.
2, 887
List the prime factors of 40267.
67, 601
What are the prime factors of 6875?
5, 11
What are the prime factors of 91575?
3, 5, 11, 37
List the prime factors of 1572.
2, 3, 131
List the prime factors of 4216.
2, 17, 31
List the prime factors of 1219.
23, 53
What are the prime factors of 78729?
3, 7, 23, 163
List the prime factors of 3813.
3, 31, 41
List the prime factors of 2149.
7, 307
List the prime factors of 31696.
2, 7, 283
List the prime factors of 127483.
17, 7499
What are the prime factors of 2391?
3, 797
What are the prime factors of 851?
23, 37
List the prime factors of 1726.
2, 863
List the prime factors of 110.
2, 5, 11
List the prime factors of 2717.
11, 13, 19
What are the prime factors of 1692?
2, 3, 47
What are the prime factors of 976?
2, 61
What are the prime factors of 55926?
2, 3, 13, 239
List the prime factors of 104920.
2, 5, 43, 61
What are the prime factors of 51805?
5, 13, 797
List the prime factors of 84535.
5, 11, 29, 53
List the prime factors of 5669.
5669
What are the prime factors of 457?
457
What are the prime factors of 82813?
82813
List the prime factors of 1457.
31, 47
What are the prime factors of 12437?
12437
What are the prime factors of 164607?
3, 54869
What are the prime factors of 1683?
3, 11, 17
List the prime factors of 5374.
2, 2687
What are the prime factors of 780?
2, 3, 5, 13
List the prime factors of 2621.
2621
List the prime factors of 9430.
2, 5, 23, 41
List the prime factors of 1009.
1009
List the prime factors of 85772.
2, 41, 523
What are the prime factors of 9428?
2, 2357
What are the prime factors of 148538?
2, 13, 29, 197
List the prime factors of 13122.
2, 3
List the prime factors of 2162.
2, 23, 47
What are the prime factors of 17789?
17789
What are the prime factors of 990?
2, 3, 5, 11
List the prime factors of 15494.
2, 61, 127
List the prime factors of 10275.
3, 5, 137
What are the prime factors of 882?
2, 3, 7
What are the prime factors of 105599?
13, 8123
What are the prime factors of 17386?
2, 8693
What are the prime factors of 272?
2, 17
What are the prime factors of 1371?
3, 457
What are the prime factors of 30580?
2, 5, 11, 139
List the prime factors of 711.
3, 79
List the prime factors of 137.
137
What are the prime factors of 195002?
2, 97501
List the prime factors of 3459.
3, 1153
List the prime factors of 2671.
2671
List the prime factors of 144.
2, 3
What are the prime factors of 32762?
2, 16381
List the prime factors of 40500.
2, 3, 5
List the prime factors of 8328.
2, 3, 347
What are the prime factors of 2196?
2, 3, 61
List the prime factors of 7249.
11, 659
List the prime factors of 1031.
1031
List the prime factors of 77383.
77383
What are the prime factors of 2800?
2, 5, 7
List the prime factors of 2696.
2, 337
What are the prime factors of 23482?
2, 59, 199
List the prime factors of 8905.
5, 13, 137
List the prime factors of 72882.
2, 3, 4049
What are the prime factors of 1372?
2, 7
List the prime factors of 2869.
19, 151
List the prime factors of 797.
797
List the prime factors of 99789.
3, 29, 31, 37
List the prime factors of 956.
2, 239
List the prime factors of 4393.
23, 191
List the prime factors of 998.
2, 499
List the prime factors of 33568.
2, 1049
What are the prime factors of 4394?
2, 13
What are the prime factors of 14823?
3, 61
What are the prime factors of 1012?
2, 11, 23
What are the prime factors of 4868?
2, 1217
What are the prime factors of 551?
19, 29
What are the prime factors of 162?
2, 3
What are the prime factors of 24135?
3, 5, 1609
List the prime factors of 22523.
101, 223
What are the prime factors of 7468?
2, 1867
List the prime factors of 1190.
2, 5, 7, 17
List the prime factors of 29957.
29, 1033
What are the prime factors of 546?
2, 3, 7, 13
List the prime factors of 2171.
13, 167
List the prime factors of 34501.
34501
List the prime factors of 9339.
3, 11, 283
What are the prime factors of 4440?
2, 3, 5, 37
What are the prime factors of 2918?
2, 1459
List the prime factors of 1458.
2, 3
What are the prime factors of 52349?
11, 4759
List the prime factors of 55728.
2, 3, 43
What are the prime factors of 9165?
3, 5, 13, 47
List the prime factors of 1483.
1483
List the prime factors of 70533.
3, 17, 461
What are the prime factors of 35037?
3, 17, 229
What are the prime factors of 79300?
2, 5, 13, 61
List the prime factors of 512.
2
List the prime factors of 58515.
3, 5, 47, 83
What are the prime factors of 39344?
2, 2459
List the prime factors of 1636.
2, 409
What are the prime factors of 4516?
2, 1129
List the prime factors of 2197.
13
What are the prime factors of 69?
3, 23
List the prime factors of 1440.
2, 3, 5
List the prime factors of 117.
3, 13
What are the prime factors of 1875?
3, 5
What are the prime factors of 1821?
3, 607
List the prime factors of 2089.
2089
List the prime factors of 2483.
13, 191
List the prime factors of 914.
2, 457
What are the prime factors of 5818?
2, 2909
What are the prime factors of 87462?
2, 3, 43, 113
What are the prime factors of 1697?
1697
What are the prime factors of 179?
179
List the prime factors of 1030.
2, 5, 103
What are the prime factors of 36429?
3, 12143
List the prime factors of 2138.
2, 1069
What are the prime factors of 57790?
2, 5, 5779
What are the prime factors of 22535?
5, 4507
What are the prime factors